NOAA-Style Climate Reports
Select a Year or Month report
2024: Jan Feb Mar Apr May Jun Jul Aug Sep Oct Nov Dec
2023: Jan Feb Mar Apr May Jun Jul Aug Sep Oct Nov Dec
2022: Jan Feb Mar Apr May Jun Jul Aug Sep Oct Nov Dec
2021: Jan Feb Mar Apr May Jun Jul Aug Sep Oct Nov Dec
2020: Jan Feb Mar Apr May Jun Jul Aug Sep Oct Nov Dec
2019: Jan Feb Mar Apr May Jun Jul Aug Sep Oct Nov Dec
2018: Jan Feb Mar Apr May Jun Jul Aug Sep Oct Nov Dec
2024: Jan Feb Mar Apr May Jun Jul Aug Sep Oct Nov Dec
2023: Jan Feb Mar Apr May Jun Jul Aug Sep Oct Nov Dec
2022: Jan Feb Mar Apr May Jun Jul Aug Sep Oct Nov Dec
2021: Jan Feb Mar Apr May Jun Jul Aug Sep Oct Nov Dec
2020: Jan Feb Mar Apr May Jun Jul Aug Sep Oct Nov Dec
2019: Jan Feb Mar Apr May Jun Jul Aug Sep Oct Nov Dec
2018: Jan Feb Mar Apr May Jun Jul Aug Sep Oct Nov Dec
Report for 2021 July
Daily noaa report MONTHLY CLIMATOLOGICAL SUMMARY for JUL. 2021 NAME: CITY: STATE: ELEV: LAT: LONG: TEMPERATURE ( °F), RAIN (in.), WIND SPEED (mph) HEAT COOL AVG MEAN DEG DEG WIND DOM DAY TEMP HIGH TIME LOW TIME DAYS DAYS RAIN SPEED HIGH TIME DIR -------------------------------------------------------------------------------------------------------- 01 70.8 080.0 18:29 67.7 23:35 00.0 05.9 00.74 00.9 09.2 20:05 NW 02 67.0 073.5 18:05 59.0 00:00 00.0 02.0 00.21 03.1 14.9 14:32 N 03 66.9 076.3 18:06 55.7 06:46 00.0 01.9 00.00 01.8 11.5 15:01 WNW 04 74.7 085.1 18:07 65.2 01:58 00.0 09.8 00.00 02.3 11.5 15:12 WNW 05 77.4 087.8 17:38 67.3 06:52 00.0 12.5 00.00 00.9 08.1 15:20 WSW 06 77.8 088.5 17:20 68.3 06:39 00.0 12.8 00.00 01.0 09.2 12:27 WSW 07 75.1 087.0 15:12 66.9 06:17 00.0 10.1 00.02 01.1 17.3 18:18 SSW 08 72.6 079.5 12:32 68.4 14:37 00.0 07.7 00.01 01.3 13.8 14:12 SW 09 65.6 070.8 00:39 60.1 07:28 00.0 00.7 00.01 02.3 14.9 11:22 NNW 10 65.6 073.5 17:04 60.0 01:46 00.0 00.7 01.51 01.7 10.3 22:02 E 11 71.2 077.1 18:50 66.6 01:44 00.0 06.3 00.34 02.1 13.8 03:08 SSW 12 72.8 081.8 18:08 68.1 07:01 00.0 07.9 00.38 01.2 16.1 18:44 S 13 72.6 080.2 14:43 68.5 22:17 00.0 07.6 00.33 02.3 18.4 14:33 SSW 14 73.6 083.2 16:38 65.8 06:49 00.0 08.7 00.01 01.2 10.3 12:30 SSW 15 77.1 086.3 15:36 69.5 01:31 00.0 12.2 00.00 02.3 16.1 10:37 SW 16 72.5 081.5 12:31 68.9 06:50 00.0 07.6 02.75 01.6 11.5 19:09 SSW 17 72.5 080.1 18:37 67.9 07:00 00.0 07.5 00.16 01.7 10.3 12:46 W 18 71.8 080.7 17:07 64.5 06:35 00.0 06.8 00.00 02.4 12.7 13:01 E 19 72.0 082.2 17:04 61.8 06:50 00.0 07.0 00.00 01.2 10.3 17:12 NNE 20 72.1 082.1 15:28 63.1 07:05 00.0 07.1 00.00 01.2 09.2 15:59 NNW 21 70.2 079.4 16:56 63.6 07:22 00.0 05.2 00.00 01.7 10.3 16:27 NNW 22 69.5 079.8 18:32 58.7 06:46 00.0 04.6 00.00 01.1 09.2 15:53 ENE 23 71.3 083.1 19:26 59.6 06:53 00.0 06.4 00.00 01.0 09.2 16:25 S 24 74.7 085.6 16:57 62.3 06:45 00.0 09.8 00.00 01.8 11.5 12:02 SW 25 78.9 087.0 17:34 73.2 07:10 00.0 14.0 00.00 01.7 11.5 01:58 W 26 77.6 087.0 16:20 68.1 00:00 00.0 12.7 00.00 01.3 10.3 11:44 NNW 27 73.4 086.4 17:13 61.7 07:00 00.0 08.5 00.00 00.8 06.9 15:14 NNW 28 75.4 085.5 17:17 64.3 06:25 00.0 10.5 00.00 01.0 06.9 12:25 WNW 29 76.6 085.6 16:07 69.6 05:23 00.0 11.7 00.00 02.1 11.5 16:19 SW 30 73.0 080.5 16:22 67.5 00:00 00.0 08.1 00.07 02.8 11.5 15:20 NNW 31 66.2 073.8 12:21 59.4 23:37 00.0 01.3 00.00 00.9 11.5 13:37 W -------------------------------------------------------------------------------------------------------- 72.5 (73.3) 88.5 day 06 55.7 day 03 000.0 235.6 11.37 01.6 18.4 day 29 W Max > 86: 7 Min < 86: 31 Max Rain: 2.75 ON 16-07-21 Days of Rain: 13 (> .008in) 8 (> .08in) 2 (> 0.8in)